{"id":352,"date":"2025-06-26T13:55:53","date_gmt":"2025-06-26T13:55:53","guid":{"rendered":"https:\/\/vngavista.pt\/?page_id=352"},"modified":"2025-06-27T15:44:42","modified_gmt":"2025-06-27T15:44:42","slug":"tematicos","status":"publish","type":"page","link":"https:\/\/vngavista.pt\/index.php\/tematicos\/","title":{"rendered":"Tem\u00e1ticos"},"content":{"rendered":"\t\t<div data-elementor-type=\"wp-page\" data-elementor-id=\"352\" class=\"elementor elementor-352\">\n\t\t\t\t<div class=\"elementor-element elementor-element-2c7e243 e-flex e-con-boxed e-con e-parent\" data-id=\"2c7e243\" data-element_type=\"container\" data-e-type=\"container\">\n\t\t\t\t\t<div class=\"e-con-inner\">\n\t\t\t\t<div class=\"elementor-element elementor-element-3eea19f elementor-widget elementor-widget-spacer\" data-id=\"3eea19f\" data-element_type=\"widget\" data-e-type=\"widget\" data-widget_type=\"spacer.default\">\n\t\t\t\t<div class=\"elementor-widget-container\">\n\t\t\t\t\t\t\t<div class=\"elementor-spacer\">\n\t\t\t<div class=\"elementor-spacer-inner\"><\/div>\n\t\t<\/div>\n\t\t\t\t\t\t<\/div>\n\t\t\t\t<\/div>\n\t\t\t\t\t<\/div>\n\t\t\t\t<\/div>\n\t\t<div class=\"elementor-element elementor-element-0697bef e-flex e-con-boxed e-con e-parent\" data-id=\"0697bef\" data-element_type=\"container\" data-e-type=\"container\">\n\t\t\t\t\t<div class=\"e-con-inner\">\n\t\t\t\t<div class=\"elementor-element elementor-element-1987f6b elementor-widget elementor-widget-heading\" data-id=\"1987f6b\" data-element_type=\"widget\" data-e-type=\"widget\" data-widget_type=\"heading.default\">\n\t\t\t\t<div class=\"elementor-widget-container\">\n\t\t\t\t\t<h2 class=\"elementor-heading-title elementor-size-default\">Tem\u00e1ticos<\/h2>\t\t\t\t<\/div>\n\t\t\t\t<\/div>\n\t\t\t\t\t<\/div>\n\t\t\t\t<\/div>\n\t\t<div class=\"elementor-element elementor-element-a96ea0e e-flex e-con-boxed e-con e-parent\" data-id=\"a96ea0e\" data-element_type=\"container\" data-e-type=\"container\">\n\t\t\t\t\t<div class=\"e-con-inner\">\n\t\t\t\t<div class=\"elementor-element elementor-element-6a71cdb elementor-widget elementor-widget-text-editor\" data-id=\"6a71cdb\" data-element_type=\"widget\" data-e-type=\"widget\" data-widget_type=\"text-editor.default\">\n\t\t\t\t<div class=\"elementor-widget-container\">\n\t\t\t\t\t\t\t\t\t<p><strong>Cada pessoa tem um estilo diferente, por isso cri\u00e1mos tours para todos os gostos. <\/strong><\/p><p><strong>Quer queiras um passeio rom\u00e2ntico ou uma atividade em fam\u00edlia, aqui \u00e9 a categoria perfeita para ti.<\/strong><\/p>\t\t\t\t\t\t\t\t<\/div>\n\t\t\t\t<\/div>\n\t\t\t\t\t<\/div>\n\t\t\t\t<\/div>\n\t\t<div class=\"elementor-element elementor-element-464c70c e-flex e-con-boxed e-con e-parent\" data-id=\"464c70c\" data-element_type=\"container\" data-e-type=\"container\">\n\t\t\t\t\t<div class=\"e-con-inner\">\n\t\t\t\t<div class=\"elementor-element elementor-element-79e111d elementor-widget-divider--view-line elementor-widget elementor-widget-divider\" data-id=\"79e111d\" data-element_type=\"widget\" data-e-type=\"widget\" data-widget_type=\"divider.default\">\n\t\t\t\t<div class=\"elementor-widget-container\">\n\t\t\t\t\t\t\t<div class=\"elementor-divider\">\n\t\t\t<span class=\"elementor-divider-separator\">\n\t\t\t\t\t\t<\/span>\n\t\t<\/div>\n\t\t\t\t\t\t<\/div>\n\t\t\t\t<\/div>\n\t\t\t\t\t<\/div>\n\t\t\t\t<\/div>\n\t\t<div class=\"elementor-element elementor-element-7b9831c e-flex e-con-boxed e-con e-parent\" data-id=\"7b9831c\" data-element_type=\"container\" data-e-type=\"container\">\n\t\t\t\t\t<div class=\"e-con-inner\">\n\t\t<div class=\"elementor-element elementor-element-0b29795 e-con-full e-flex e-con e-child\" data-id=\"0b29795\" data-element_type=\"container\" data-e-type=\"container\">\n\t\t\t\t<div class=\"elementor-element elementor-element-1cc63d6 elementor-widget elementor-widget-shortcode\" data-id=\"1cc63d6\" data-element_type=\"widget\" data-e-type=\"widget\" data-widget_type=\"shortcode.default\">\n\t\t\t\t<div class=\"elementor-widget-container\">\n\t\t\t\t\t\t\t<div class=\"elementor-shortcode\"><style>\n.tour-card {\n  position: relative;\n  overflow: hidden;\n  border-radius: 16px;\n  box-shadow: 0 8px 20px rgba(0,0,0,0.1);\n  transition: transform 0.3s ease;\n  max-width: 300px;\n  margin: 20px auto;\n  font-family: sans-serif;\n}\n\n.tour-card:hover {\n  transform: scale(1.03);\n}\n\n.tour-image {\n  width: 100%;\n  height: 200px;\n  object-fit: cover;\n  transition: filter 0.3s ease;\n}\n\n.tour-card:hover .tour-image {\n  filter: brightness(80%);\n}\n\n.tour-content {\n  padding: 16px;\n  background: #fff;\n  text-align: center;\n}\n\n.tour-title {\n  font-size: 20px;\n  font-weight: bold;\n  margin-bottom: 12px;\n  color: #e67e22; \/* Laranja escuro *\/\n}\n\n.tour-button {\n  background-color: #e67e22; \/* Laranja escuro *\/\n  color: white;\n  border: none;\n  padding: 10px 20px;\n  font-weight: 500;\n  border-radius: 8px;\n  cursor: pointer;\n  transition: background-color 0.3s ease, transform 0.2s;\n}\n\n.tour-button:hover {\n  background-color: #cf711f; \/* Laranja ainda mais escuro no hover *\/\n  transform: scale(1.05);\n}\n<\/style>\n\n<div class=\"tour-card\">\n  <img decoding=\"async\" class=\"tour-image\" src=\"https:\/\/vngavista.pt\/wp-content\/uploads\/2025\/06\/Porto_-_Jardim_do_Morro.jpg\" alt=\"Jardim do Morro\">\n  <div class=\"tour-content\">\n    <div class=\"tour-title\">Jardim do Morro<\/div>\n    <button class=\"tour-button\" onclick=\"window.location.href='https:\/\/teusite.com\/tour\/caves-vinho'\">Descobrir<\/button>\n  <\/div>\n<\/div>\n<\/div>\n\t\t\t\t\t\t<\/div>\n\t\t\t\t<\/div>\n\t\t\t\t<\/div>\n\t\t<div class=\"elementor-element elementor-element-f375ef0 e-con-full e-flex e-con e-child\" data-id=\"f375ef0\" data-element_type=\"container\" data-e-type=\"container\">\n\t\t\t\t<div class=\"elementor-element elementor-element-786046d elementor-widget elementor-widget-shortcode\" data-id=\"786046d\" data-element_type=\"widget\" data-e-type=\"widget\" data-widget_type=\"shortcode.default\">\n\t\t\t\t<div class=\"elementor-widget-container\">\n\t\t\t\t\t\t\t<div class=\"elementor-shortcode\"><style>\n.tour-card {\n  position: relative;\n  overflow: hidden;\n  border-radius: 16px;\n  box-shadow: 0 8px 20px rgba(0,0,0,0.1);\n  transition: transform 0.3s ease;\n  max-width: 300px;\n  margin: 20px auto;\n  font-family: sans-serif;\n}\n\n.tour-card:hover {\n  transform: scale(1.03);\n}\n\n.tour-image {\n  width: 100%;\n  height: 200px;\n  object-fit: cover;\n  transition: filter 0.3s ease;\n}\n\n.tour-card:hover .tour-image {\n  filter: brightness(80%);\n}\n\n.tour-content {\n  padding: 16px;\n  background: #fff;\n  text-align: center;\n}\n\n.tour-title {\n  font-size: 20px;\n  font-weight: bold;\n  margin-bottom: 12px;\n  color: #e67e22; \/* Laranja escuro *\/\n}\n\n.tour-button {\n  background-color: #e67e22; \/* Laranja escuro *\/\n  color: white;\n  border: none;\n  padding: 10px 20px;\n  font-weight: 500;\n  border-radius: 8px;\n  cursor: pointer;\n  transition: background-color 0.3s ease, transform 0.2s;\n}\n\n.tour-button:hover {\n  background-color: #cf711f; \/* Laranja ainda mais escuro no hover *\/\n  transform: scale(1.05);\n}\n<\/style>\n\n<div class=\"tour-card\">\n  <img decoding=\"async\" class=\"tour-image\" src=\"https:\/\/vngavista.pt\/wp-content\/uploads\/2025\/04\/barco.jpg\" alt=\"Cruzeiros no Douro\">\n  <div class=\"tour-content\">\n    <div class=\"tour-title\">Cruzeiros no Douro<\/div>\n    <button class=\"tour-button\" onclick=\"window.location.href='https:\/\/teusite.com\/tour\/caves-vinho'\">Descobrir<\/button>\n  <\/div>\n<\/div>\n<\/div>\n\t\t\t\t\t\t<\/div>\n\t\t\t\t<\/div>\n\t\t\t\t<\/div>\n\t\t<div class=\"elementor-element elementor-element-55dc675 e-con-full e-flex e-con e-child\" data-id=\"55dc675\" data-element_type=\"container\" data-e-type=\"container\">\n\t\t\t\t<div class=\"elementor-element elementor-element-ad84dde elementor-widget elementor-widget-shortcode\" data-id=\"ad84dde\" data-element_type=\"widget\" data-e-type=\"widget\" data-widget_type=\"shortcode.default\">\n\t\t\t\t<div class=\"elementor-widget-container\">\n\t\t\t\t\t\t\t<div class=\"elementor-shortcode\"><style>\n.tour-card {\n  position: relative;\n  overflow: hidden;\n  border-radius: 16px;\n  box-shadow: 0 8px 20px rgba(0,0,0,0.1);\n  transition: transform 0.3s ease;\n  max-width: 300px;\n  margin: 20px auto;\n  font-family: sans-serif;\n}\n\n.tour-card:hover {\n  transform: scale(1.03);\n}\n\n.tour-image {\n  width: 100%;\n  height: 200px;\n  object-fit: cover;\n  transition: filter 0.3s ease;\n}\n\n.tour-card:hover .tour-image {\n  filter: brightness(80%);\n}\n\n.tour-content {\n  padding: 16px;\n  background: #fff;\n  text-align: center;\n}\n\n.tour-title {\n  font-size: 20px;\n  font-weight: bold;\n  margin-bottom: 12px;\n  color: #e67e22; \/* Laranja escuro *\/\n}\n\n.tour-button {\n  background-color: #e67e22; \/* Laranja escuro *\/\n  color: white;\n  border: none;\n  padding: 10px 20px;\n  font-weight: 500;\n  border-radius: 8px;\n  cursor: pointer;\n  transition: background-color 0.3s ease, transform 0.2s;\n}\n\n.tour-button:hover {\n  background-color: #cf711f; \/* Laranja ainda mais escuro no hover *\/\n  transform: scale(1.05);\n}\n<\/style>\n\n<div class=\"tour-card\">\n  <img decoding=\"async\" class=\"tour-image\" src=\"https:\/\/vngavista.pt\/wp-content\/uploads\/2025\/06\/wow.jpg\" alt=\"WOW\">\n  <div class=\"tour-content\">\n    <div class=\"tour-title\">WOW - World of Wine<\/div>\n    <button class=\"tour-button\" onclick=\"window.location.href='https:\/\/teusite.com\/tour\/caves-vinho'\">Descobrir<\/button>\n  <\/div>\n<\/div>\n<\/div>\n\t\t\t\t\t\t<\/div>\n\t\t\t\t<\/div>\n\t\t\t\t<\/div>\n\t\t\t\t\t<\/div>\n\t\t\t\t<\/div>\n\t\t<div class=\"elementor-element elementor-element-8fcd170 e-flex e-con-boxed e-con e-parent\" data-id=\"8fcd170\" data-element_type=\"container\" data-e-type=\"container\">\n\t\t\t\t\t<div class=\"e-con-inner\">\n\t\t\t\t<div class=\"elementor-element elementor-element-f2aea94 elementor-widget elementor-widget-shortcode\" data-id=\"f2aea94\" data-element_type=\"widget\" data-e-type=\"widget\" data-widget_type=\"shortcode.default\">\n\t\t\t\t<div class=\"elementor-widget-container\">\n\t\t\t\t\t\t\t<div class=\"elementor-shortcode\"><style>\n.tour-card {\n  position: relative;\n  overflow: hidden;\n  border-radius: 16px;\n  box-shadow: 0 8px 20px rgba(0,0,0,0.1);\n  transition: transform 0.3s ease;\n  max-width: 300px;\n  margin: 20px auto;\n  font-family: sans-serif;\n}\n\n.tour-card:hover {\n  transform: scale(1.03);\n}\n\n.tour-image {\n  width: 100%;\n  height: 200px;\n  object-fit: cover;\n  transition: filter 0.3s ease;\n}\n\n.tour-card:hover .tour-image {\n  filter: brightness(80%);\n}\n\n.tour-content {\n  padding: 16px;\n  background: #fff;\n  text-align: center;\n}\n\n.tour-title {\n  font-size: 20px;\n  font-weight: bold;\n  margin-bottom: 12px;\n  color: #e67e22; \/* Laranja escuro *\/\n}\n\n.tour-button {\n  background-color: #e67e22; \/* Laranja escuro *\/\n  color: white;\n  border: none;\n  padding: 10px 20px;\n  font-weight: 500;\n  border-radius: 8px;\n  cursor: pointer;\n  transition: background-color 0.3s ease, transform 0.2s;\n}\n\n.tour-button:hover {\n  background-color: #cf711f; \/* Laranja ainda mais escuro no hover *\/\n  transform: scale(1.05);\n}\n<\/style>\n\n<div class=\"tour-card\">\n  <img decoding=\"async\" class=\"tour-image\" src=\"https:\/\/vngavista.pt\/wp-content\/uploads\/2025\/06\/Porto_-_Jardim_do_Morro.jpg\" alt=\"Jardim do Morro\">\n  <div class=\"tour-content\">\n    <div class=\"tour-title\">Jardim do Morro<\/div>\n    <button class=\"tour-button\" onclick=\"window.location.href='https:\/\/teusite.com\/tour\/caves-vinho'\">Descobrir<\/button>\n  <\/div>\n<\/div>\n<\/div>\n\t\t\t\t\t\t<\/div>\n\t\t\t\t<\/div>\n\t\t\t\t\t<\/div>\n\t\t\t\t<\/div>\n\t\t\t\t<\/div>\n\t\t\n    <div class=\"xs_social_share_widget xs_share_url after_content \t\tmain_content  wslu-style-1 wslu-share-box-shaped wslu-fill-colored wslu-none wslu-share-horizontal wslu-theme-font-no wslu-main_content\">\n\n\t\t\n        <ul>\n\t\t\t        <\/ul>\n    <\/div> \n","protected":false},"excerpt":{"rendered":"<p>Tem\u00e1ticos Cada pessoa tem um estilo diferente, por isso cri\u00e1mos tours para todos os gostos.&hellip;<\/p>\n","protected":false},"author":1,"featured_media":0,"parent":0,"menu_order":0,"comment_status":"closed","ping_status":"closed","template":"page-templates\/template-bloghash-fullwidth.php","meta":{"postBodyCss":"","postBodyMargin":[],"postBodyPadding":[],"postBodyBackground":{"backgroundType":"classic","gradient":""},"footnotes":""},"class_list":["post-352","page","type-page","status-publish","hentry"],"_links":{"self":[{"href":"https:\/\/vngavista.pt\/index.php\/wp-json\/wp\/v2\/pages\/352","targetHints":{"allow":["GET"]}}],"collection":[{"href":"https:\/\/vngavista.pt\/index.php\/wp-json\/wp\/v2\/pages"}],"about":[{"href":"https:\/\/vngavista.pt\/index.php\/wp-json\/wp\/v2\/types\/page"}],"author":[{"embeddable":true,"href":"https:\/\/vngavista.pt\/index.php\/wp-json\/wp\/v2\/users\/1"}],"replies":[{"embeddable":true,"href":"https:\/\/vngavista.pt\/index.php\/wp-json\/wp\/v2\/comments?post=352"}],"version-history":[{"count":31,"href":"https:\/\/vngavista.pt\/index.php\/wp-json\/wp\/v2\/pages\/352\/revisions"}],"predecessor-version":[{"id":549,"href":"https:\/\/vngavista.pt\/index.php\/wp-json\/wp\/v2\/pages\/352\/revisions\/549"}],"wp:attachment":[{"href":"https:\/\/vngavista.pt\/index.php\/wp-json\/wp\/v2\/media?parent=352"}],"curies":[{"name":"wp","href":"https:\/\/api.w.org\/{rel}","templated":true}]}}